{"id":154,"date":"2021-08-05T03:53:39","date_gmt":"2021-08-04T20:53:39","guid":{"rendered":"https:\/\/cnty.hcmuaf.edu.vn\/advet\/?page_id=154"},"modified":"2021-08-05T03:53:39","modified_gmt":"2021-08-04T20:53:39","slug":"lien-he","status":"publish","type":"page","link":"https:\/\/cnty.hcmuaf.edu.vn\/advet\/lien-he","title":{"rendered":"Li\u00ean h\u1ec7"},"content":{"rendered":"<h4>V\u0103n ph\u00f2ng Ch\u01b0\u01a1ng tr\u00ecnh Ti\u00ean ti\u1ebfn Ng\u00e0nh Th\u00fa Y<\/h4>\n<div>Khoa Ch\u0103n Nu\u00f4i Th\u00fa Y \u2013 Ph\u00f2ng 246, Gi\u1ea3ng \u0111\u01b0\u1eddng Ph\u01b0\u1ee3ng V\u1ef9, Tr\u01b0\u1eddng \u0110H N\u00f4ng L\u00e2m TP.HCM<br \/>\n<strong>\u0110\u1ecba ch\u1ec9:<\/strong> Khu ph\u1ed1 6, Ph\u01b0\u1eddng Linh Trung, TP. Th\u1ee7 \u0110\u1ee9c, TP. H\u1ed3 Ch\u00ed Minh<br \/>\n<strong>\u0110i\u1ec7n tho\u1ea1i:\u00a0<\/strong><a href=\"tel:028 3724 6271\">028 3724 6271<\/a>. <strong>Fax:<\/strong> 028 3896 0713<\/div>\n","protected":false},"excerpt":{"rendered":"<p>V\u0103n ph\u00f2ng Ch\u01b0\u01a1ng tr\u00ecnh Ti\u00ean ti\u1ebfn Ng\u00e0nh Th\u00fa Y Khoa Ch\u0103n Nu\u00f4i Th\u00fa Y \u2013 Ph\u00f2ng 246, Gi\u1ea3ng \u0111\u01b0\u1eddng Ph\u01b0\u1ee3ng V\u1ef9, Tr\u01b0\u1eddng \u0110H N\u00f4ng L\u00e2m TP.HCM \u0110\u1ecba ch\u1ec9: Khu ph\u1ed1 6, Ph\u01b0\u1eddng Linh Trung, TP. Th\u1ee7 \u0110\u1ee9c, TP. H\u1ed3 Ch\u00ed Minh \u0110i\u1ec7n tho\u1ea1i:\u00a0028 3724 6271. Fax: 028 3896 0713<\/p>\n","protected":false},"author":1,"featured_media":0,"parent":0,"menu_order":0,"comment_status":"closed","ping_status":"closed","template":"","meta":[],"_links":{"self":[{"href":"https:\/\/cnty.hcmuaf.edu.vn\/advet\/wp-json\/wp\/v2\/pages\/154"}],"collection":[{"href":"https:\/\/cnty.hcmuaf.edu.vn\/advet\/wp-json\/wp\/v2\/pages"}],"about":[{"href":"https:\/\/cnty.hcmuaf.edu.vn\/advet\/wp-json\/wp\/v2\/types\/page"}],"author":[{"embeddable":true,"href":"https:\/\/cnty.hcmuaf.edu.vn\/advet\/wp-json\/wp\/v2\/users\/1"}],"replies":[{"embeddable":true,"href":"https:\/\/cnty.hcmuaf.edu.vn\/advet\/wp-json\/wp\/v2\/comments?post=154"}],"version-history":[{"count":1,"href":"https:\/\/cnty.hcmuaf.edu.vn\/advet\/wp-json\/wp\/v2\/pages\/154\/revisions"}],"predecessor-version":[{"id":155,"href":"https:\/\/cnty.hcmuaf.edu.vn\/advet\/wp-json\/wp\/v2\/pages\/154\/revisions\/155"}],"wp:attachment":[{"href":"https:\/\/cnty.hcmuaf.edu.vn\/advet\/wp-json\/wp\/v2\/media?parent=154"}],"curies":[{"name":"wp","href":"https:\/\/api.w.org\/{rel}","templated":true}]}}